{"id":12,"date":"2016-11-22T21:47:29","date_gmt":"2016-11-22T20:47:29","guid":{"rendered":"http:\/\/etho-diversite.fr\/?page_id=12"},"modified":"2016-11-24T13:50:05","modified_gmt":"2016-11-24T12:50:05","slug":"mes-animaux","status":"publish","type":"page","link":"https:\/\/www.etho-diversite.fr\/index.php\/mes-animaux\/","title":{"rendered":"Mes Animaux"},"content":{"rendered":"<p style=\"text-align: justify;\"><img decoding=\"async\" loading=\"lazy\" class=\"wp-image-138 aligncenter\" src=\"http:\/\/etho-diversite.fr\/wp-content\/uploads\/2016\/11\/sl_cheval-bovides-anes-comportement.jpg\" alt=\"sl_cheval-bovides-anes-comportement\" width=\"960\" height=\"310\" srcset=\"https:\/\/www.etho-diversite.fr\/wp-content\/uploads\/2016\/11\/sl_cheval-bovides-anes-comportement.jpg 990w, https:\/\/www.etho-diversite.fr\/wp-content\/uploads\/2016\/11\/sl_cheval-bovides-anes-comportement-300x97.jpg 300w, https:\/\/www.etho-diversite.fr\/wp-content\/uploads\/2016\/11\/sl_cheval-bovides-anes-comportement-768x248.jpg 768w\" sizes=\"(max-width: 960px) 100vw, 960px\" \/><\/p>\n<p style=\"text-align: justify;\">Je vous pr\u00e9sente mes \u00e9l\u00e8ves, tous niveaux et toutes esp\u00e8ces (\u00e9quins, bovins, caprins).\u00a0Les cours se d\u00e9roulent dans une petite vall\u00e9e Cantalienne sur le C\u00e9zallier \u00e0 1100m d\u2019altitude pour une\u00a0meilleure conditions de vie.<\/p>\n<p style=\"text-align: justify;\"><span style=\"color: #ffffff;\">.<\/span><\/p>\n<h2 style=\"text-align: justify;\"><em><strong>a) Le lieu de vie :<\/strong><\/em><\/h2>\n<p style=\"text-align: justify;\">Cadre de vie vaste et pr\u00e9serv\u00e9 qui offre des abris, des points d\u2019eau naturels,\u00a0 qui favorise les d\u00e9placements et l\u2019exercice spontan\u00e9. Les pieds sont entretenus naturellement par des sols irr\u00e9guliers, in\u00e9gaux, parfois abrupts et secs, parfois plus meubles. Ces grands espaces permettent la cohabitation avec d\u2019autres esp\u00e8ces notamment les bovins, et ces esp\u00e8ces par leur compl\u00e9mentarit\u00e9 contribuent de plus au bon entretien du territoire.<\/p>\n<h2 style=\"text-align: justify;\"><em><strong>b) La cantine :<\/strong><\/em><\/h2>\n<p style=\"text-align: justify;\">Herbe, fourrages de prairies naturelles toute l\u2019ann\u00e9e. L\u2019alimentation est parfois trop riche pour les \u00e2nesses, attention r\u00e9gime !<\/p>\n<h2 style=\"text-align: justify;\"><em><strong>c) Les soins quotidiens :<\/strong><\/em><\/h2>\n<p style=\"text-align: justify;\">M\u00e9decines alternatives (hom\u00e9opathie, la phytoth\u00e9rapie, l\u2019argiloth\u00e9rapie),\u00a0 cures d\u2019huile de foie de morue et de levure de bi\u00e8re. Il vaut mieux pr\u00e9venir que gu\u00e9rir !<\/p>\n<p style=\"text-align: justify;\">Les pieds de mes \u00e9l\u00e8ves sont nus. Le professeur Mar\u00e9chal entretient les sabots r\u00e9guli\u00e8rement. Les sols montagneux du C\u00e9zallier contribuent \u00e0 l\u2019entretien et \u00e0 l\u2019usure naturelle des sabots.<\/p>\n<h2 style=\"text-align: justify;\"><em><strong>d) Les exercices :<\/strong><\/em><\/h2>\n<p style=\"text-align: justify;\">Travail quotidien avec le \u00ab clicker \u00bb pour entretenir la motivation de tous et renforcer les liens tiss\u00e9s avec mes animaux : randonn\u00e9es, travail en libert\u00e9, apprentissages personnalis\u00e9s\u2026 Grande diversit\u00e9 dans le travail pour entretenir la motivation de chacun.<\/p>\n<p style=\"text-align: justify;\">Distribution de r\u00e9compenses alimentaires (bons points) : carottes pour le cheval et les \u00e2nesses, biscottes pour les ch\u00e8vres naines et gros sel pour les vaches !<\/p>\n<p style=\"text-align: justify;\"><span style=\"color: #ffffff;\">\u00a0<img decoding=\"async\" loading=\"lazy\" class=\"size-full wp-image-336 aligncenter\" src=\"http:\/\/etho-diversite.fr\/wp-content\/uploads\/2016\/11\/12718242_1540533439578941_9204112264013705553_n.jpg\" alt=\"ethologie cours formations stage\" width=\"851\" height=\"318\" srcset=\"https:\/\/www.etho-diversite.fr\/wp-content\/uploads\/2016\/11\/12718242_1540533439578941_9204112264013705553_n.jpg 851w, https:\/\/www.etho-diversite.fr\/wp-content\/uploads\/2016\/11\/12718242_1540533439578941_9204112264013705553_n-300x112.jpg 300w, https:\/\/www.etho-diversite.fr\/wp-content\/uploads\/2016\/11\/12718242_1540533439578941_9204112264013705553_n-768x287.jpg 768w\" sizes=\"(max-width: 851px) 100vw, 851px\" \/><\/span><\/p>\n","protected":false},"excerpt":{"rendered":"<p>Je vous pr\u00e9sente mes \u00e9l\u00e8ves, tous niveaux et toutes esp\u00e8ces (\u00e9quins, bovins, caprins).\u00a0Les cours se d\u00e9roulent dans une petite vall\u00e9e Cantalienne sur le C\u00e9zallier \u00e0 1100m d\u2019altitude pour une\u00a0meilleure conditions de vie. . a) Le lieu de vie : Cadre<\/p>\n","protected":false},"author":1,"featured_media":246,"parent":0,"menu_order":2,"comment_status":"closed","ping_status":"closed","template":"","meta":{"_exactmetrics_skip_tracking":false,"_exactmetrics_sitenote_active":false,"_exactmetrics_sitenote_note":"","_exactmetrics_sitenote_category":0},"yoast_head":"<!-- This site is optimized with the Yoast SEO plugin v21.8.1 - https:\/\/yoast.com\/wordpress\/plugins\/seo\/ -->\n<title>Mes Animaux - Etho-Diversit\u00e9<\/title>\n<meta name=\"robots\" content=\"index, follow, max-snippet:-1, max-image-preview:large, max-video-preview:-1\" \/>\n<link rel=\"canonical\" href=\"https:\/\/www.etho-diversite.fr\/index.php\/mes-animaux\/\" \/>\n<meta property=\"og:locale\" content=\"fr_FR\" \/>\n<meta property=\"og:type\" content=\"article\" \/>\n<meta property=\"og:title\" content=\"Mes Animaux - Etho-Diversit\u00e9\" \/>\n<meta property=\"og:description\" content=\"Je vous pr\u00e9sente mes \u00e9l\u00e8ves, tous niveaux et toutes esp\u00e8ces (\u00e9quins, bovins, caprins).\u00a0Les cours se d\u00e9roulent dans une petite vall\u00e9e Cantalienne sur le C\u00e9zallier \u00e0 1100m d\u2019altitude pour une\u00a0meilleure conditions de vie. . a) Le lieu de vie : Cadre\" \/>\n<meta property=\"og:url\" content=\"https:\/\/www.etho-diversite.fr\/index.php\/mes-animaux\/\" \/>\n<meta property=\"og:site_name\" content=\"Etho-Diversit\u00e9\" \/>\n<meta property=\"article:modified_time\" content=\"2016-11-24T12:50:05+00:00\" \/>\n<meta property=\"og:image\" content=\"https:\/\/www.etho-diversite.fr\/wp-content\/uploads\/2016\/11\/12311152_1514839965481622_1976535157074582391_n.jpg\" \/>\n\t<meta property=\"og:image:width\" content=\"640\" \/>\n\t<meta property=\"og:image:height\" content=\"558\" \/>\n\t<meta property=\"og:image:type\" content=\"image\/jpeg\" \/>\n<meta name=\"twitter:card\" content=\"summary_large_image\" \/>\n<meta name=\"twitter:site\" content=\"@etho_diversite\" \/>\n<meta name=\"twitter:label1\" content=\"Dur\u00e9e de lecture estim\u00e9e\" \/>\n\t<meta name=\"twitter:data1\" content=\"1 minute\" \/>\n<script type=\"application\/ld+json\" class=\"yoast-schema-graph\">{\"@context\":\"https:\/\/schema.org\",\"@graph\":[{\"@type\":\"WebPage\",\"@id\":\"https:\/\/www.etho-diversite.fr\/index.php\/mes-animaux\/\",\"url\":\"https:\/\/www.etho-diversite.fr\/index.php\/mes-animaux\/\",\"name\":\"Mes Animaux - Etho-Diversit\u00e9\",\"isPartOf\":{\"@id\":\"https:\/\/www.etho-diversite.fr\/#website\"},\"datePublished\":\"2016-11-22T20:47:29+00:00\",\"dateModified\":\"2016-11-24T12:50:05+00:00\",\"breadcrumb\":{\"@id\":\"https:\/\/www.etho-diversite.fr\/index.php\/mes-animaux\/#breadcrumb\"},\"inLanguage\":\"fr-FR\",\"potentialAction\":[{\"@type\":\"ReadAction\",\"target\":[\"https:\/\/www.etho-diversite.fr\/index.php\/mes-animaux\/\"]}]},{\"@type\":\"BreadcrumbList\",\"@id\":\"https:\/\/www.etho-diversite.fr\/index.php\/mes-animaux\/#breadcrumb\",\"itemListElement\":[{\"@type\":\"ListItem\",\"position\":1,\"name\":\"Accueil\",\"item\":\"https:\/\/www.etho-diversite.fr\/\"},{\"@type\":\"ListItem\",\"position\":2,\"name\":\"Mes Animaux\"}]},{\"@type\":\"WebSite\",\"@id\":\"https:\/\/www.etho-diversite.fr\/#website\",\"url\":\"https:\/\/www.etho-diversite.fr\/\",\"name\":\"Etho-Diversit\u00e9\",\"description\":\"Ethologie Appliqu\u00e9e, Education Positive | EQUINS - BOVINS - CAPRINS\",\"publisher\":{\"@id\":\"https:\/\/www.etho-diversite.fr\/#\/schema\/person\/2db05b23d32d661768744ef0b2e3ed03\"},\"potentialAction\":[{\"@type\":\"SearchAction\",\"target\":{\"@type\":\"EntryPoint\",\"urlTemplate\":\"https:\/\/www.etho-diversite.fr\/?s={search_term_string}\"},\"query-input\":\"required name=search_term_string\"}],\"inLanguage\":\"fr-FR\"},{\"@type\":[\"Person\",\"Organization\"],\"@id\":\"https:\/\/www.etho-diversite.fr\/#\/schema\/person\/2db05b23d32d661768744ef0b2e3ed03\",\"name\":\"Pauline GARCIA | Etho-Diversit\u00e9\",\"image\":{\"@type\":\"ImageObject\",\"inLanguage\":\"fr-FR\",\"@id\":\"https:\/\/www.etho-diversite.fr\/#\/schema\/person\/image\/\",\"url\":\"https:\/\/www.etho-diversite.fr\/wp-content\/uploads\/2020\/07\/cropped-logo-Pauline-GARCIA-Etho-Diversit\u00e9-version-2019.jpg\",\"contentUrl\":\"https:\/\/www.etho-diversite.fr\/wp-content\/uploads\/2020\/07\/cropped-logo-Pauline-GARCIA-Etho-Diversit\u00e9-version-2019.jpg\",\"width\":2496,\"height\":2500,\"caption\":\"Pauline GARCIA | Etho-Diversit\u00e9\"},\"logo\":{\"@id\":\"https:\/\/www.etho-diversite.fr\/#\/schema\/person\/image\/\"},\"description\":\"\u00c9ducation positive bas\u00e9e sur l'\u00e9thologie, les besoins fondamentaux et le bien-\u00eatre de l'Animal, et plus particuli\u00e8rement ceux du cheval, de la vache, et de la ch\u00e8vre. Astuces, actualit\u00e9s, formations, stages, initiation, coaching sur etho-diversite.fr Coaching en ligne pour les 3 esp\u00e8ces et webinaire.\",\"sameAs\":[\"https:\/\/www.etho-diversit\u00e9.fr\"]}]}<\/script>\n<!-- \/ Yoast SEO plugin. -->","yoast_head_json":{"title":"Mes Animaux - Etho-Diversit\u00e9","robots":{"index":"index","follow":"follow","max-snippet":"max-snippet:-1","max-image-preview":"max-image-preview:large","max-video-preview":"max-video-preview:-1"},"canonical":"https:\/\/www.etho-diversite.fr\/index.php\/mes-animaux\/","og_locale":"fr_FR","og_type":"article","og_title":"Mes Animaux - Etho-Diversit\u00e9","og_description":"Je vous pr\u00e9sente mes \u00e9l\u00e8ves, tous niveaux et toutes esp\u00e8ces (\u00e9quins, bovins, caprins).\u00a0Les cours se d\u00e9roulent dans une petite vall\u00e9e Cantalienne sur le C\u00e9zallier \u00e0 1100m d\u2019altitude pour une\u00a0meilleure conditions de vie. . a) Le lieu de vie : Cadre","og_url":"https:\/\/www.etho-diversite.fr\/index.php\/mes-animaux\/","og_site_name":"Etho-Diversit\u00e9","article_modified_time":"2016-11-24T12:50:05+00:00","og_image":[{"width":640,"height":558,"url":"https:\/\/www.etho-diversite.fr\/wp-content\/uploads\/2016\/11\/12311152_1514839965481622_1976535157074582391_n.jpg","type":"image\/jpeg"}],"twitter_card":"summary_large_image","twitter_site":"@etho_diversite","twitter_misc":{"Dur\u00e9e de lecture estim\u00e9e":"1 minute"},"schema":{"@context":"https:\/\/schema.org","@graph":[{"@type":"WebPage","@id":"https:\/\/www.etho-diversite.fr\/index.php\/mes-animaux\/","url":"https:\/\/www.etho-diversite.fr\/index.php\/mes-animaux\/","name":"Mes Animaux - Etho-Diversit\u00e9","isPartOf":{"@id":"https:\/\/www.etho-diversite.fr\/#website"},"datePublished":"2016-11-22T20:47:29+00:00","dateModified":"2016-11-24T12:50:05+00:00","breadcrumb":{"@id":"https:\/\/www.etho-diversite.fr\/index.php\/mes-animaux\/#breadcrumb"},"inLanguage":"fr-FR","potentialAction":[{"@type":"ReadAction","target":["https:\/\/www.etho-diversite.fr\/index.php\/mes-animaux\/"]}]},{"@type":"BreadcrumbList","@id":"https:\/\/www.etho-diversite.fr\/index.php\/mes-animaux\/#breadcrumb","itemListElement":[{"@type":"ListItem","position":1,"name":"Accueil","item":"https:\/\/www.etho-diversite.fr\/"},{"@type":"ListItem","position":2,"name":"Mes Animaux"}]},{"@type":"WebSite","@id":"https:\/\/www.etho-diversite.fr\/#website","url":"https:\/\/www.etho-diversite.fr\/","name":"Etho-Diversit\u00e9","description":"Ethologie Appliqu\u00e9e, Education Positive | EQUINS - BOVINS - CAPRINS","publisher":{"@id":"https:\/\/www.etho-diversite.fr\/#\/schema\/person\/2db05b23d32d661768744ef0b2e3ed03"},"potentialAction":[{"@type":"SearchAction","target":{"@type":"EntryPoint","urlTemplate":"https:\/\/www.etho-diversite.fr\/?s={search_term_string}"},"query-input":"required name=search_term_string"}],"inLanguage":"fr-FR"},{"@type":["Person","Organization"],"@id":"https:\/\/www.etho-diversite.fr\/#\/schema\/person\/2db05b23d32d661768744ef0b2e3ed03","name":"Pauline GARCIA | Etho-Diversit\u00e9","image":{"@type":"ImageObject","inLanguage":"fr-FR","@id":"https:\/\/www.etho-diversite.fr\/#\/schema\/person\/image\/","url":"https:\/\/www.etho-diversite.fr\/wp-content\/uploads\/2020\/07\/cropped-logo-Pauline-GARCIA-Etho-Diversit\u00e9-version-2019.jpg","contentUrl":"https:\/\/www.etho-diversite.fr\/wp-content\/uploads\/2020\/07\/cropped-logo-Pauline-GARCIA-Etho-Diversit\u00e9-version-2019.jpg","width":2496,"height":2500,"caption":"Pauline GARCIA | Etho-Diversit\u00e9"},"logo":{"@id":"https:\/\/www.etho-diversite.fr\/#\/schema\/person\/image\/"},"description":"\u00c9ducation positive bas\u00e9e sur l'\u00e9thologie, les besoins fondamentaux et le bien-\u00eatre de l'Animal, et plus particuli\u00e8rement ceux du cheval, de la vache, et de la ch\u00e8vre. Astuces, actualit\u00e9s, formations, stages, initiation, coaching sur etho-diversite.fr Coaching en ligne pour les 3 esp\u00e8ces et webinaire.","sameAs":["https:\/\/www.etho-diversit\u00e9.fr"]}]}},"_links":{"self":[{"href":"https:\/\/www.etho-diversite.fr\/index.php\/wp-json\/wp\/v2\/pages\/12"}],"collection":[{"href":"https:\/\/www.etho-diversite.fr\/index.php\/wp-json\/wp\/v2\/pages"}],"about":[{"href":"https:\/\/www.etho-diversite.fr\/index.php\/wp-json\/wp\/v2\/types\/page"}],"author":[{"embeddable":true,"href":"https:\/\/www.etho-diversite.fr\/index.php\/wp-json\/wp\/v2\/users\/1"}],"replies":[{"embeddable":true,"href":"https:\/\/www.etho-diversite.fr\/index.php\/wp-json\/wp\/v2\/comments?post=12"}],"version-history":[{"count":14,"href":"https:\/\/www.etho-diversite.fr\/index.php\/wp-json\/wp\/v2\/pages\/12\/revisions"}],"predecessor-version":[{"id":343,"href":"https:\/\/www.etho-diversite.fr\/index.php\/wp-json\/wp\/v2\/pages\/12\/revisions\/343"}],"wp:featuredmedia":[{"embeddable":true,"href":"https:\/\/www.etho-diversite.fr\/index.php\/wp-json\/wp\/v2\/media\/246"}],"wp:attachment":[{"href":"https:\/\/www.etho-diversite.fr\/index.php\/wp-json\/wp\/v2\/media?parent=12"}],"curies":[{"name":"wp","href":"https:\/\/api.w.org\/{rel}","templated":true}]}}