{"id":79,"date":"2016-11-23T12:40:47","date_gmt":"2016-11-23T11:40:47","guid":{"rendered":"http:\/\/etho-diversite.fr\/?page_id=79"},"modified":"2017-07-09T13:27:19","modified_gmt":"2017-07-09T11:27:19","slug":"les-equins","status":"publish","type":"page","link":"https:\/\/www.etho-diversite.fr\/index.php\/mes-animaux\/les-equins\/","title":{"rendered":"Les Equins"},"content":{"rendered":"<p style=\"text-align: justify;\">Je vous pr\u00e9sente mes \u00e9l\u00e8ves \u00e9quins.\u00a0Les cours se d\u00e9roulent dans une petite vall\u00e9e Cantalienne sur le C\u00e9zallier \u00e0 1100m d\u2019altitude.\u00a0Les meilleures conditions de vie sont offertes \u00e0 mes \u00e9l\u00e8ves :<\/p>\n<p style=\"text-align: justify;\"><img decoding=\"async\" loading=\"lazy\" class=\"wp-image-87 aligncenter\" src=\"http:\/\/etho-diversite.fr\/wp-content\/uploads\/2016\/11\/sl_cheval1-1.jpg\" alt=\"sl_cheval1\" width=\"960\" height=\"310\" srcset=\"https:\/\/www.etho-diversite.fr\/wp-content\/uploads\/2016\/11\/sl_cheval1-1.jpg 990w, https:\/\/www.etho-diversite.fr\/wp-content\/uploads\/2016\/11\/sl_cheval1-1-300x97.jpg 300w, https:\/\/www.etho-diversite.fr\/wp-content\/uploads\/2016\/11\/sl_cheval1-1-768x248.jpg 768w\" sizes=\"(max-width: 960px) 100vw, 960px\" \/><\/p>\n<h1 style=\"text-align: center;\">LES CHEVAUX<\/h1>\n<ul>\n<li style=\"text-align: justify;\"><strong>Nom\u00a0<\/strong>: Spirit<\/li>\n<li style=\"text-align: justify;\"><strong>Race<\/strong>\u00a0: Appaloosa \/ Camargue<\/li>\n<li style=\"text-align: justify;\"><strong>Ann\u00e9e<\/strong>\u00a0: 2005<\/li>\n<li style=\"text-align: justify;\"><strong>Caract\u00e8re<\/strong>\u00a0: M\u00e2le impatient et n\u2019aime pas le contact c\u2019est un \u00ab\u00a0dur \u00e0 cuire\u00a0\u00bb.\u00a0Regard vif, fort temp\u00e9rament. Son cavalier doit se montrer clair dans les codes vocaux.<\/li>\n<li style=\"text-align: justify;\"><strong>Niveau<\/strong>\u00a0: 1er de la classe.\u00a0Apprend vite et bien, aime travailler.\u00a0La relation avec sa cavali\u00e8re contribue grandement \u00e0 son efficacit\u00e9.<\/li>\n<li style=\"text-align: justify;\"><strong>Signe particulier<\/strong>\u00a0: Depuis qu\u2019il sait dire NON, il dit NON tout le temps !<\/li>\n<li style=\"text-align: justify;\"><strong>Note globale\u00a0<\/strong>: 17\/20<\/li>\n<\/ul>\n<p style=\"text-align: justify;\"><img decoding=\"async\" loading=\"lazy\" class=\"aligncenter wp-image-96 size-full\" src=\"http:\/\/etho-diversite.fr\/wp-content\/uploads\/2016\/11\/12046990_1496836723948613_2794065067664773506_n.jpg\" alt=\"cheval ethologue francais\" width=\"960\" height=\"720\" srcset=\"https:\/\/www.etho-diversite.fr\/wp-content\/uploads\/2016\/11\/12046990_1496836723948613_2794065067664773506_n.jpg 960w, https:\/\/www.etho-diversite.fr\/wp-content\/uploads\/2016\/11\/12046990_1496836723948613_2794065067664773506_n-300x225.jpg 300w, https:\/\/www.etho-diversite.fr\/wp-content\/uploads\/2016\/11\/12046990_1496836723948613_2794065067664773506_n-768x576.jpg 768w\" sizes=\"(max-width: 960px) 100vw, 960px\" \/><\/p>\n<ul>\n<li style=\"text-align: justify;\"><strong>Nom\u00a0<\/strong>:\u00a0\u00c9pice<\/li>\n<li style=\"text-align: justify;\"><strong>Race<\/strong>\u00a0: Trotteuse \/ Espagnole<\/li>\n<li style=\"text-align: justify;\"><strong>Ann\u00e9e<\/strong>\u00a0: 2014<\/li>\n<li style=\"text-align: justify;\"><strong>Caract\u00e8re<\/strong>\u00a0: La petite jeune tr\u00e8s volontaire, et tr\u00e8s motiv\u00e9e dans le travail.<\/li>\n<li style=\"text-align: justify;\"><strong>Niveau<\/strong> : Elle est arriv\u00e9e \u00e0 l&rsquo;age d&rsquo;un an dans mon troupeau, elle a donc tr\u00e8s vite appris aux contacts des cong\u00e9n\u00e8res et de sa propri\u00e9taire.<\/li>\n<li style=\"text-align: justify;\"><strong>Signe particulier<\/strong>\u00a0: Elle a du mal \u00e0 partager sa propri\u00e9taire avec le reste du troupeau ! Tr\u00e8s possessive&#8230; Elle r\u00e9alise avec facilit\u00e9 la \u00ab\u00a0Jambette\u00a0\u00bb.<\/li>\n<li style=\"text-align: justify;\"><strong>Note globale\u00a0<\/strong>: 15\/20<\/li>\n<\/ul>\n<h1 style=\"text-align: center;\"><img decoding=\"async\" loading=\"lazy\" class=\"alignnone wp-image-98 size-full\" src=\"http:\/\/etho-diversite.fr\/wp-content\/uploads\/2016\/11\/535050_1657411167847875_3652197394309130181_n.jpg\" alt=\"cheval ethologue france\" width=\"960\" height=\"720\" srcset=\"https:\/\/www.etho-diversite.fr\/wp-content\/uploads\/2016\/11\/535050_1657411167847875_3652197394309130181_n.jpg 960w, https:\/\/www.etho-diversite.fr\/wp-content\/uploads\/2016\/11\/535050_1657411167847875_3652197394309130181_n-300x225.jpg 300w, https:\/\/www.etho-diversite.fr\/wp-content\/uploads\/2016\/11\/535050_1657411167847875_3652197394309130181_n-768x576.jpg 768w\" sizes=\"(max-width: 960px) 100vw, 960px\" \/><\/h1>\n<h1 style=\"text-align: center;\">LES \u00c2NESSES<\/h1>\n<ul>\n<li><strong>Nom\u00a0:<\/strong> Lycka<\/li>\n<li><strong>Race<\/strong>\u00a0: \u00c2nesse du Berry<\/li>\n<li><strong>Ann\u00e9e\u00a0<\/strong>:<strong>\u00a0<\/strong>2008<\/li>\n<li><strong>Caract\u00e8re<\/strong>\u00a0: Bon caract\u00e8re, affectueuse.\u00a0Apprend beaucoup par observation (de Spirit).<\/li>\n<li><strong>Niveau\u00a0<\/strong>: 3\u00e8me de la classe, apprend vite mais se laisse influencer par ses humeurs.<\/li>\n<li><strong>Signe particulier\u00a0<\/strong>: Elle adore se faire gratter dans les oreilles.<\/li>\n<li><strong>Note globale<\/strong>\u00a0: 14\/20<\/li>\n<\/ul>\n<p><img decoding=\"async\" loading=\"lazy\" class=\"size-full wp-image-100 aligncenter\" src=\"http:\/\/etho-diversite.fr\/wp-content\/uploads\/2016\/11\/1382175_1657411327847859_7791806171756443379_n.jpg\" alt=\"anesses ethologue anes\" width=\"960\" height=\"694\" srcset=\"https:\/\/www.etho-diversite.fr\/wp-content\/uploads\/2016\/11\/1382175_1657411327847859_7791806171756443379_n.jpg 960w, https:\/\/www.etho-diversite.fr\/wp-content\/uploads\/2016\/11\/1382175_1657411327847859_7791806171756443379_n-300x217.jpg 300w, https:\/\/www.etho-diversite.fr\/wp-content\/uploads\/2016\/11\/1382175_1657411327847859_7791806171756443379_n-768x555.jpg 768w\" sizes=\"(max-width: 960px) 100vw, 960px\" \/><\/p>\n<ul>\n<li><strong>Nom\u00a0<\/strong>: Bounty<\/li>\n<li><strong>Race<\/strong>\u00a0: \u00c2nesse Croix de Saint Andr\u00e9<\/li>\n<li><strong>Ann\u00e9e\u00a0<\/strong>:<strong>\u00a0<\/strong>2012<\/li>\n<li><strong>Caract\u00e8re\u00a0<\/strong>: Jeune, craintive, la confiance a pris 6 mois pour s&rsquo;installer avec l&rsquo;homme. Malgr\u00e9 sa timidit\u00e9, elle se montre tr\u00e8s patiente pour tous les soins du quotidien : parages, pansage, soins divers.<\/li>\n<li><strong>Niveau<\/strong>\u00a0: Tr\u00e8s appliqu\u00e9e, elle progresse petit \u00e0 petit et trouve bien sa place dans le troupeau.<\/li>\n<li><strong>Signe particulier<\/strong>\u00a0: Tr\u00e8s tr\u00e8s gourmande. Sa belle liste sur le chanfrein la diff\u00e9rencie des robes toutes grises des croix de Saint Andr\u00e9.<\/li>\n<li><strong>Note globale\u00a0<\/strong>: 12\/20<\/li>\n<\/ul>\n<p>&nbsp;<\/p>\n","protected":false},"excerpt":{"rendered":"<p>Je vous pr\u00e9sente mes \u00e9l\u00e8ves \u00e9quins.\u00a0Les cours se d\u00e9roulent dans une petite vall\u00e9e Cantalienne sur le C\u00e9zallier \u00e0 1100m d\u2019altitude.\u00a0Les meilleures conditions de vie sont offertes \u00e0 mes \u00e9l\u00e8ves : LES CHEVAUX Nom\u00a0: Spirit Race\u00a0: Appaloosa \/ Camargue Ann\u00e9e\u00a0: 2005<\/p>\n","protected":false},"author":1,"featured_media":344,"parent":12,"menu_order":2,"comment_status":"closed","ping_status":"closed","template":"","meta":{"_exactmetrics_skip_tracking":false,"_exactmetrics_sitenote_active":false,"_exactmetrics_sitenote_note":"","_exactmetrics_sitenote_category":0},"yoast_head":"<!-- This site is optimized with the Yoast SEO plugin v21.8.1 - https:\/\/yoast.com\/wordpress\/plugins\/seo\/ -->\n<title>Les Equins - Etho-Diversit\u00e9<\/title>\n<meta name=\"robots\" content=\"index, follow, max-snippet:-1, max-image-preview:large, max-video-preview:-1\" \/>\n<link rel=\"canonical\" href=\"https:\/\/www.etho-diversite.fr\/index.php\/mes-animaux\/les-equins\/\" \/>\n<meta property=\"og:locale\" content=\"fr_FR\" \/>\n<meta property=\"og:type\" content=\"article\" \/>\n<meta property=\"og:title\" content=\"Les Equins - Etho-Diversit\u00e9\" \/>\n<meta property=\"og:description\" content=\"Je vous pr\u00e9sente mes \u00e9l\u00e8ves \u00e9quins.\u00a0Les cours se d\u00e9roulent dans une petite vall\u00e9e Cantalienne sur le C\u00e9zallier \u00e0 1100m d\u2019altitude.\u00a0Les meilleures conditions de vie sont offertes \u00e0 mes \u00e9l\u00e8ves : LES CHEVAUX Nom\u00a0: Spirit Race\u00a0: Appaloosa \/ Camargue Ann\u00e9e\u00a0: 2005\" \/>\n<meta property=\"og:url\" content=\"https:\/\/www.etho-diversite.fr\/index.php\/mes-animaux\/les-equins\/\" \/>\n<meta property=\"og:site_name\" content=\"Etho-Diversit\u00e9\" \/>\n<meta property=\"article:modified_time\" content=\"2017-07-09T11:27:19+00:00\" \/>\n<meta property=\"og:image\" content=\"https:\/\/www.etho-diversite.fr\/wp-content\/uploads\/2016\/11\/spirit0.jpg\" \/>\n\t<meta property=\"og:image:width\" content=\"360\" \/>\n\t<meta property=\"og:image:height\" content=\"434\" \/>\n\t<meta property=\"og:image:type\" content=\"image\/jpeg\" \/>\n<meta name=\"twitter:card\" content=\"summary_large_image\" \/>\n<meta name=\"twitter:site\" content=\"@etho_diversite\" \/>\n<meta name=\"twitter:label1\" content=\"Dur\u00e9e de lecture estim\u00e9e\" \/>\n\t<meta name=\"twitter:data1\" content=\"2 minutes\" \/>\n<script type=\"application\/ld+json\" class=\"yoast-schema-graph\">{\"@context\":\"https:\/\/schema.org\",\"@graph\":[{\"@type\":\"WebPage\",\"@id\":\"https:\/\/www.etho-diversite.fr\/index.php\/mes-animaux\/les-equins\/\",\"url\":\"https:\/\/www.etho-diversite.fr\/index.php\/mes-animaux\/les-equins\/\",\"name\":\"Les Equins - Etho-Diversit\u00e9\",\"isPartOf\":{\"@id\":\"https:\/\/www.etho-diversite.fr\/#website\"},\"datePublished\":\"2016-11-23T11:40:47+00:00\",\"dateModified\":\"2017-07-09T11:27:19+00:00\",\"breadcrumb\":{\"@id\":\"https:\/\/www.etho-diversite.fr\/index.php\/mes-animaux\/les-equins\/#breadcrumb\"},\"inLanguage\":\"fr-FR\",\"potentialAction\":[{\"@type\":\"ReadAction\",\"target\":[\"https:\/\/www.etho-diversite.fr\/index.php\/mes-animaux\/les-equins\/\"]}]},{\"@type\":\"BreadcrumbList\",\"@id\":\"https:\/\/www.etho-diversite.fr\/index.php\/mes-animaux\/les-equins\/#breadcrumb\",\"itemListElement\":[{\"@type\":\"ListItem\",\"position\":1,\"name\":\"Accueil\",\"item\":\"https:\/\/www.etho-diversite.fr\/\"},{\"@type\":\"ListItem\",\"position\":2,\"name\":\"Mes Animaux\",\"item\":\"https:\/\/www.etho-diversite.fr\/index.php\/mes-animaux\/\"},{\"@type\":\"ListItem\",\"position\":3,\"name\":\"Les Equins\"}]},{\"@type\":\"WebSite\",\"@id\":\"https:\/\/www.etho-diversite.fr\/#website\",\"url\":\"https:\/\/www.etho-diversite.fr\/\",\"name\":\"Etho-Diversit\u00e9\",\"description\":\"Ethologie Appliqu\u00e9e, Education Positive | EQUINS - BOVINS - CAPRINS\",\"publisher\":{\"@id\":\"https:\/\/www.etho-diversite.fr\/#\/schema\/person\/2db05b23d32d661768744ef0b2e3ed03\"},\"potentialAction\":[{\"@type\":\"SearchAction\",\"target\":{\"@type\":\"EntryPoint\",\"urlTemplate\":\"https:\/\/www.etho-diversite.fr\/?s={search_term_string}\"},\"query-input\":\"required name=search_term_string\"}],\"inLanguage\":\"fr-FR\"},{\"@type\":[\"Person\",\"Organization\"],\"@id\":\"https:\/\/www.etho-diversite.fr\/#\/schema\/person\/2db05b23d32d661768744ef0b2e3ed03\",\"name\":\"Pauline GARCIA | Etho-Diversit\u00e9\",\"image\":{\"@type\":\"ImageObject\",\"inLanguage\":\"fr-FR\",\"@id\":\"https:\/\/www.etho-diversite.fr\/#\/schema\/person\/image\/\",\"url\":\"https:\/\/www.etho-diversite.fr\/wp-content\/uploads\/2020\/07\/cropped-logo-Pauline-GARCIA-Etho-Diversit\u00e9-version-2019.jpg\",\"contentUrl\":\"https:\/\/www.etho-diversite.fr\/wp-content\/uploads\/2020\/07\/cropped-logo-Pauline-GARCIA-Etho-Diversit\u00e9-version-2019.jpg\",\"width\":2496,\"height\":2500,\"caption\":\"Pauline GARCIA | Etho-Diversit\u00e9\"},\"logo\":{\"@id\":\"https:\/\/www.etho-diversite.fr\/#\/schema\/person\/image\/\"},\"description\":\"\u00c9ducation positive bas\u00e9e sur l'\u00e9thologie, les besoins fondamentaux et le bien-\u00eatre de l'Animal, et plus particuli\u00e8rement ceux du cheval, de la vache, et de la ch\u00e8vre. Astuces, actualit\u00e9s, formations, stages, initiation, coaching sur etho-diversite.fr Coaching en ligne pour les 3 esp\u00e8ces et webinaire.\",\"sameAs\":[\"https:\/\/www.etho-diversit\u00e9.fr\"]}]}<\/script>\n<!-- \/ Yoast SEO plugin. -->","yoast_head_json":{"title":"Les Equins - Etho-Diversit\u00e9","robots":{"index":"index","follow":"follow","max-snippet":"max-snippet:-1","max-image-preview":"max-image-preview:large","max-video-preview":"max-video-preview:-1"},"canonical":"https:\/\/www.etho-diversite.fr\/index.php\/mes-animaux\/les-equins\/","og_locale":"fr_FR","og_type":"article","og_title":"Les Equins - Etho-Diversit\u00e9","og_description":"Je vous pr\u00e9sente mes \u00e9l\u00e8ves \u00e9quins.\u00a0Les cours se d\u00e9roulent dans une petite vall\u00e9e Cantalienne sur le C\u00e9zallier \u00e0 1100m d\u2019altitude.\u00a0Les meilleures conditions de vie sont offertes \u00e0 mes \u00e9l\u00e8ves : LES CHEVAUX Nom\u00a0: Spirit Race\u00a0: Appaloosa \/ Camargue Ann\u00e9e\u00a0: 2005","og_url":"https:\/\/www.etho-diversite.fr\/index.php\/mes-animaux\/les-equins\/","og_site_name":"Etho-Diversit\u00e9","article_modified_time":"2017-07-09T11:27:19+00:00","og_image":[{"width":360,"height":434,"url":"https:\/\/www.etho-diversite.fr\/wp-content\/uploads\/2016\/11\/spirit0.jpg","type":"image\/jpeg"}],"twitter_card":"summary_large_image","twitter_site":"@etho_diversite","twitter_misc":{"Dur\u00e9e de lecture estim\u00e9e":"2 minutes"},"schema":{"@context":"https:\/\/schema.org","@graph":[{"@type":"WebPage","@id":"https:\/\/www.etho-diversite.fr\/index.php\/mes-animaux\/les-equins\/","url":"https:\/\/www.etho-diversite.fr\/index.php\/mes-animaux\/les-equins\/","name":"Les Equins - Etho-Diversit\u00e9","isPartOf":{"@id":"https:\/\/www.etho-diversite.fr\/#website"},"datePublished":"2016-11-23T11:40:47+00:00","dateModified":"2017-07-09T11:27:19+00:00","breadcrumb":{"@id":"https:\/\/www.etho-diversite.fr\/index.php\/mes-animaux\/les-equins\/#breadcrumb"},"inLanguage":"fr-FR","potentialAction":[{"@type":"ReadAction","target":["https:\/\/www.etho-diversite.fr\/index.php\/mes-animaux\/les-equins\/"]}]},{"@type":"BreadcrumbList","@id":"https:\/\/www.etho-diversite.fr\/index.php\/mes-animaux\/les-equins\/#breadcrumb","itemListElement":[{"@type":"ListItem","position":1,"name":"Accueil","item":"https:\/\/www.etho-diversite.fr\/"},{"@type":"ListItem","position":2,"name":"Mes Animaux","item":"https:\/\/www.etho-diversite.fr\/index.php\/mes-animaux\/"},{"@type":"ListItem","position":3,"name":"Les Equins"}]},{"@type":"WebSite","@id":"https:\/\/www.etho-diversite.fr\/#website","url":"https:\/\/www.etho-diversite.fr\/","name":"Etho-Diversit\u00e9","description":"Ethologie Appliqu\u00e9e, Education Positive | EQUINS - BOVINS - CAPRINS","publisher":{"@id":"https:\/\/www.etho-diversite.fr\/#\/schema\/person\/2db05b23d32d661768744ef0b2e3ed03"},"potentialAction":[{"@type":"SearchAction","target":{"@type":"EntryPoint","urlTemplate":"https:\/\/www.etho-diversite.fr\/?s={search_term_string}"},"query-input":"required name=search_term_string"}],"inLanguage":"fr-FR"},{"@type":["Person","Organization"],"@id":"https:\/\/www.etho-diversite.fr\/#\/schema\/person\/2db05b23d32d661768744ef0b2e3ed03","name":"Pauline GARCIA | Etho-Diversit\u00e9","image":{"@type":"ImageObject","inLanguage":"fr-FR","@id":"https:\/\/www.etho-diversite.fr\/#\/schema\/person\/image\/","url":"https:\/\/www.etho-diversite.fr\/wp-content\/uploads\/2020\/07\/cropped-logo-Pauline-GARCIA-Etho-Diversit\u00e9-version-2019.jpg","contentUrl":"https:\/\/www.etho-diversite.fr\/wp-content\/uploads\/2020\/07\/cropped-logo-Pauline-GARCIA-Etho-Diversit\u00e9-version-2019.jpg","width":2496,"height":2500,"caption":"Pauline GARCIA | Etho-Diversit\u00e9"},"logo":{"@id":"https:\/\/www.etho-diversite.fr\/#\/schema\/person\/image\/"},"description":"\u00c9ducation positive bas\u00e9e sur l'\u00e9thologie, les besoins fondamentaux et le bien-\u00eatre de l'Animal, et plus particuli\u00e8rement ceux du cheval, de la vache, et de la ch\u00e8vre. Astuces, actualit\u00e9s, formations, stages, initiation, coaching sur etho-diversite.fr Coaching en ligne pour les 3 esp\u00e8ces et webinaire.","sameAs":["https:\/\/www.etho-diversit\u00e9.fr"]}]}},"_links":{"self":[{"href":"https:\/\/www.etho-diversite.fr\/index.php\/wp-json\/wp\/v2\/pages\/79"}],"collection":[{"href":"https:\/\/www.etho-diversite.fr\/index.php\/wp-json\/wp\/v2\/pages"}],"about":[{"href":"https:\/\/www.etho-diversite.fr\/index.php\/wp-json\/wp\/v2\/types\/page"}],"author":[{"embeddable":true,"href":"https:\/\/www.etho-diversite.fr\/index.php\/wp-json\/wp\/v2\/users\/1"}],"replies":[{"embeddable":true,"href":"https:\/\/www.etho-diversite.fr\/index.php\/wp-json\/wp\/v2\/comments?post=79"}],"version-history":[{"count":22,"href":"https:\/\/www.etho-diversite.fr\/index.php\/wp-json\/wp\/v2\/pages\/79\/revisions"}],"predecessor-version":[{"id":817,"href":"https:\/\/www.etho-diversite.fr\/index.php\/wp-json\/wp\/v2\/pages\/79\/revisions\/817"}],"up":[{"embeddable":true,"href":"https:\/\/www.etho-diversite.fr\/index.php\/wp-json\/wp\/v2\/pages\/12"}],"wp:featuredmedia":[{"embeddable":true,"href":"https:\/\/www.etho-diversite.fr\/index.php\/wp-json\/wp\/v2\/media\/344"}],"wp:attachment":[{"href":"https:\/\/www.etho-diversite.fr\/index.php\/wp-json\/wp\/v2\/media?parent=79"}],"curies":[{"name":"wp","href":"https:\/\/api.w.org\/{rel}","templated":true}]}}